ts digit of 11826?
6
What is the units digit of 9330109?
9
What is the ten thousands digit of 559432?
5
What is the units digit of 128002?
2
What is the ten thousands digit of 270741?
7
What is the ten thousands digit of 12706199?
0
What is the thousands digit of 242138?
2
What is the tens digit of 3644517?
1
What is the ten millions digit of 16590824?
1
What is the tens digit of 2642655?
5
What is the hundreds digit of 16944324?
3
What is the tens digit of 568062?
6
What is the ten thousands digit of 1213802?
1
What is the thousands digit of 272480?
2
What is the hundred thousands digit of 275910?
2
What is the ten thousands digit of 476403?
7
What is the tens digit of 987549?
4
What is the hundreds digit of 18125635?
6
What is the units digit of 1058530?
0
What is the thousands digit of 6825079?
5
What is the units digit of 205938?
8
What is the hundreds digit of 32920581?
5
What is the units digit of 1271913?
3
What is the tens digit of 333802?
0
What is the units digit of 97776?
6
What is the hundred thousands digit of 12382894?
3
What is the thousands digit of 150552?
0
What is the ten thousands digit of 551018?
5
What is the units digit of 664980?
0
What is the hundred thousands digit of 207134?
2
What is the ten millions digit of 13674171?
1
What is the thousands digit of 807733?
7
What is the thousands digit of 2235593?
5
What is the tens digit of 771244?
4
What is the ten millions digit of 12862768?
1
What is the hundreds digit of 2934188?
1
What is the ten thousands digit of 12753544?
5
What is the units digit of 20409?
9
What is the hundreds digit of 7093967?
9
What is the ten thousands digit of 388113?
8
What is the thousands digit of 2268817?
8
What is the millions digit of 10024349?
0
What is the millions digit of 2537603?
2
What is the millions digit of 2215644?
2
What is the units digit of 1270260?
0
What is the hundred thousands digit of 1963184?
9
What is the hundred thousands digit of 474425?
4
What is the hundreds digit of 3656216?
2
What is the tens digit of 779260?
6
What is the hundred thousands digit of 738991?
7
What is the tens digit of 605059?
5
What is the hundred thousands digit of 1903689?
9
What is the thousands digit of 165756?
5
What is the units digit of 19513987?
7
What is the units digit of 731977?
7
What is the millions digit of 15196474?
5
What is the hundreds digit of 168455?
4
What is the ten thousands digit of 714159?
1
What is the hundreds digit of 1067559?
5
What is the units digit of 11043795?
5
What is the ten thousands digit of 1394378?
9
What is the ten thousands digit of 471297?
7
What is the thousands digit of 222249?
2
What is the millions digit of 1724323?
1
What is the ten thousands digit of 234033?
3
What is the tens digit of 10279001?
0
What is the ten thousands digit of 174338?
7
What is the millions digit of 5466227?
5
What is the tens digit of 10730940?
4
What is the tens digit of 1316647?
4
What is the tens digit of 989200?
0
What is the units digit of 174425?
5
What is the hundred thousands digit of 4293799?
2
What is the thousands digit of 180027?
0
What is the hundreds digit of 16723177?
1
What is the millions digit of 3150765?
3
What is the thousands digit of 3828725?
8
What is the hundreds digit of 947069?
0
What is the hundreds digit of 75540?
5
What is the ten thousands digit of 308010?
0
What is the ten thousands digit of 1383115?
8
What is the units digit of 12561577?
7
What is the thousands digit of 16534618?
4
What is the hundreds digit of 102681?
6
What is the ten thousands digit of 175580?
7
What is the hundreds digit of 3699912?
9
What is the thousands digit of 45977?
5
What is the tens digit of 1516089?
8
What is the ten thousands digit of 143404?
4
What is the hundred thousands digit of 13321573?
3
What is the tens digit of 111461?
6
What is the thousands digit of 25740810?
0
What is the thousands digit of 641451?
1
What is the hundred thousands digit of 1366111?
3
What is the ten thousands digit of 40633?
4
What is the ten thousands digit of 18088150?
8
What is the ten thousands digit of 70892?
7
What is the hundreds digit of 271308?
3
What is the ten thousands digit of 2767999?
6
What is the hundreds digit of 614007?
0
What is the thousands digit of 396486?
6
What is the thousands digit of 2066026?
6
What is the ten thousands digit of 9362553?
6
What is the ten thousands digit of 498356?
9
What is the millions digit of 22992851?
2
What is the hundred thousands digit of 118469?
1
What is the ten thousands digit of 1775411?
7
What is the ten thousands digit of 1591579?
9
What is the tens digit of 871012?
1
What is the thousands digit of 74791?
4
What is the ten thousands digit of 15002374?
0
What is the ten thousands digit of 10313976?
1
What is the ten millions digit of 36810820?
3
What is the tens digit of 52307?
0
What is the units digit of 139917?
7
What is the hundred thousands digit of 2273959?
2
What is the tens digit of 214953?
5
What is the millions digit of 9939157?
9
What is the thousands digit of 371757?
1
What is the ten thousands digit of 3745690?
4
What is the ten thousands digit of 1409486?
0
What is the hundred thousands digit of 857200?
8
What is the units digit of 2188621?
1
What is the thousands digit of 449636?
9
What is the thousands digit of 316153?
6
What is the tens digit of 825893?
9
What is the hundred thousands digit of 33434217?
4
What is the units digit of 5989199?
9
What is the hundreds digit of 2251400?
4
What is the tens digit of 666764?
6
What is the units digit of 16402631?
1
What is the ten millions digit of 41214215?
4
What is the units digit of 80318?
8
What is the units digit of 536946?
6
What is the hundred thousands digit of 30377868?
3
What is the thousands digit of 950942?
0
What is the hundred thousands digit of 9173697?
1
What is the hundreds digit of 6528901?
9
What is the hundreds digit of 10813356?
3
What is the hundred thousands digit of 836298?
8
What is the tens digit of 148584?
8
What is the units digit of 17370611?
1
What is the tens digit of 740824?
2
What is the millions digit of 1160434?
1
What is the tens digit of 26218765?
6
What is the units digit of 271679?
9
What is the ten thousands digit of 121397?
2
What is the ten thousands digit of 808515?
0
What is the hundreds digit of 10100219?
2
What is the units digit of 276404?
4
What is the ten thousands digit of 1128537?
2
What is the thousands digit of 82242?
2
What is the thousands digit of 396629?
6
What is the tens digit of 230281?
8
What is the units digit of 2435848?
8
What is the thousands digit of 109533?
9
What is the units digit of 369589?
9
What is the ten thousands digit of 10639784?
3
What is the hundreds digit of 3724711?
7
What is the hundred thousands digit of 221020?
2
What is the hundred thousands digit of 6123413?
1
What is the ten thousands digit of 1461204?
6
What is the ten thousands digit of 619345?
1
What is the tens digit of 2008468?
6
What is the ten thousands digit of 379956?
7
What is the hundreds digit of 911840?
8
What is the hundred thousands digit of 143251?
1
What is the ten thousands digit of 170244?
7
What is the units digit of 263889?
9
What is the tens digit of 220223?
2
What is the ten thousands digit of 198971?
9
What is the hundreds digit of 6341?
3
What is the hundreds digit of 522552?
5
What is the millions digit of 1872027?
1
What is the hundreds digit of 522363?
3
What is the ten thousands digit of 227747?
2
What is the ten thousands digit of 8659777?
5
What is the hundred thousands digit of 246181?
2
What is the ten thousands digit of 3884380?
8
What is the ten thousands digit of 4310342?
1
What is the thousands digit of 1068359?
8
What is the units digit of 248837?
7
What is the units digit of 1884?
4
What is the hundreds digit of 17686911?
9
What is the hundred thousands digit of 165957?
1
What is the thousands digit of 6425019?
5
What is the thousands digit of 159026?
9
What is the millions digit of 1860728?
1
What is the ten thousands digit of 101830?
0
What is the tens digit of 2100086?
8
What is the hundreds digit of 4012281?
2
What is the millions digit of 1797652?
1
What is the units digit of 124592?
2
What is the hundreds digit of 868724?
7
What is the hundred thousands digit of 624320?
6
What is the hundre